Calculate the highest common divisor of 4234982 and 470.
94
Calculate the greatest common divisor of 73308 and 280596.
12
What is the highest common factor of 22851259 and 94?
47
What is the greatest common divisor of 6816 and 6913184?
32
Calculate the greatest common factor of 46971 and 4743.
153
Calculate the greatest common divisor of 12 and 62093520.
12
What is the greatest common factor of 510760 and 1450920?
4520
What is the greatest common divisor of 1956394 and 6358?
374
Calculate the greatest common divisor of 100 and 12991350.
50
Calculate the greatest common factor of 230868 and 385506.
2178
What is the greatest common factor of 2082 and 21888?
6
What is the greatest common factor of 451780 and 154?
14
Calculate the greatest common divisor of 115475742 and 7326.
666
Calculate the greatest common factor of 5430310 and 23120.
2890
Calculate the greatest common factor of 765079546 and 582.
194
Calculate the highest common divisor of 63 and 69054643.
7
Calculate the highest common factor of 22088 and 558382.
22
Calculate the highest common divisor of 19929 and 50151.
219
What is the highest common factor of 11038112 and 80?
16
What is the highest common factor of 119610 and 167670?
270
Calculate the highest common divisor of 237240 and 53280.
360
Calculate the greatest common divisor of 576 and 7312104.
72
Calculate the greatest common divisor of 24626991 and 2781.
309
What is the highest common factor of 11626450 and 2475?
275
What is the greatest common factor of 281138 and 315458?
286
Calculate the highest common factor of 34727 and 2492.
7
Calculate the highest common factor of 2132 and 2919241.
533
Calculate the highest common divisor of 3700799 and 193023.
2383
Calculate the highest common factor of 180017 and 368311.
31
Calculate the highest common factor of 33668 and 2349672.
1772
What is the greatest common factor of 16000 and 65978000?
2000
Calculate the highest common divisor of 9230958 and 14490.
414
What is the highest common factor of 107913304 and 8?
8
Calculate the highest common divisor of 3381147 and 1491903.
7497
Calculate the highest common divisor of 318197721 and 2193.
2193
Calculate the greatest common factor of 4120 and 47148250.
1030
What is the highest common factor of 2127360 and 4320?
480
Calculate the highest common factor of 140 and 3051972.
28
Calculate the highest common divisor of 1202916 and 102492.
156
What is the highest common factor of 1046990 and 6755?
35
What is the highest common factor of 102997919 and 1?
1
What is the greatest common divisor of 1399526433 and 1062?
531
Calculate the highest common factor of 487244 and 7052.
164
Calculate the greatest common divisor of 49 and 28829689.
49
Calculate the greatest common divisor of 35168376 and 289.
17
Calculate the greatest common factor of 41312 and 2816.
32
What is the highest common factor of 32678577 and 75?
3
What is the greatest common divisor of 3276 and 26279084?
52
What is the greatest common factor of 40971 and 16480097?
1951
Calculate the greatest common divisor of 7290448 and 3381.
23
What is the greatest common factor of 465632 and 864?
32
Calculate the highest common factor of 25855550 and 1302.
434
What is the greatest common factor of 23219 and 646009?
217
Calculate the highest common factor of 176 and 139248.
16
Calculate the highest common factor of 54784 and 135034.
214
What is the greatest common factor of 236 and 542485589?
59
Calculate the greatest common divisor of 19509 and 3759.
21
Calculate the greatest common divisor of 63 and 164967852.
21
What is the greatest common factor of 169984050 and 150?
150
What is the highest common factor of 21229857 and 2673?
891
Calculate the greatest common divisor of 59502 and 125490.
282
What is the greatest common factor of 19151 and 597314467?
1741
Calculate the greatest common factor of 7718 and 983620.
34
What is the highest common divisor of 26585907 and 31926?
939
Calculate the greatest common divisor of 6283932 and 3108.
444
Calculate the greatest common factor of 28 and 2824402.
14
Calculate the highest common factor of 2555 and 285125225.
2555
Calculate the greatest common divisor of 1678056 and 804.
12
Calculate the highest common divisor of 117443350 and 10376.
2594
Calculate the highest common divisor of 227360 and 403521370.
14210
Calculate the greatest common factor of 11261719 and 798.
7
What is the highest common divisor of 84 and 629154330?
42
Calculate the greatest common divisor of 49545153 and 189.
63
Calculate the greatest common divisor of 49523951 and 21592.
2699
Calculate the highest common divisor of 599940 and 69387.
303
What is the highest common factor of 28016 and 3689048?
824
Calculate the highest common divisor of 17094129 and 459.
51
What is the greatest common factor of 2214003 and 119163?
759
Calculate the highest common factor of 8457425 and 25.
25
What is the greatest common factor of 1664 and 44400?
16
Calculate the greatest common divisor of 25435288 and 3544.
3544
Calculate the highest common factor of 60 and 11087214.
6
What is the greatest common divisor of 80 and 125703280?
80
Calculate the greatest common factor of 80 and 1015964880.
80
What is the greatest common divisor of 3897492 and 576?
12
What is the highest common factor of 43827528 and 1140?
228
Calculate the highest common factor of 266 and 6512548.
14
What is the highest common factor of 45032 and 45771564?
1732
What is the highest common factor of 23674 and 3232964?
266
Calculate the greatest common divisor of 245 and 263214.
7
What is the greatest common factor of 169886076 and 930?
186
What is the highest common divisor of 1885 and 70431140?
1885
What is the highest common divisor of 342253 and 5207299?
2297
Calculate the greatest common divisor of 17472447 and 153.
153
What is the highest common divisor of 5214 and 4559346?
66
Calculate the greatest common divisor of 14673 and 5776271.
4891
What is the highest common divisor of 16409 and 296887?
61
What is the greatest common factor of 1558564 and 252?
28
Calculate the greatest common factor of 166 and 12830721.
83
What is the highest common divisor of 158 and 26913878?
158
Calculate the greatest common divisor of 147522290 and 1730.
1730
What is the highest common divisor of 32591 and 2554633?
2507
Calculate the highest common divisor of 18253781 and 91.
91
What is the highest common divisor of 15592851 and 15?
3
What is the highest common divisor of 5952 and 267654?
186
Calculate the greatest common factor of 1033 and 249446774.
1033
Calculate the greatest common divisor of 76812 and 3641304.
2076
What is the greatest common factor of 13 and 300288794?
13
What is the highest common factor of 534101828 and 39?
13
Calculate the greatest common divisor of 25 and 17242275.
25
What is the greatest common divisor of 8931008 and 2944?
64
What is the greatest common divisor of 1156 and 91847090?
578
Calculate the highest common factor of 3 and 1316873.
1
Calculate the highest common factor of 4151460 and 12.
12
Calculate the greatest common divisor of 151361226 and 1212.
606
Calculate the greatest common divisor of 2325 and 594115.
155
Calculate the greatest common divisor of 983982 and 537.
3
What is the greatest common divisor of 398 and 55603187?
199
Calculate the highest common divisor of 440295 and 1506390.
2235
Calculate the greatest common divisor of 13392 and 866592.
432
Calculate the greatest common factor of 2195772 and 444.
12
Calculate the highest common divisor of 962947 and 2781.
103
Calculate the highest common factor of 414 and 147978.
18
What is the highest common factor of 494361418 and 133?
19
Calculate the highest common factor of 31695088 and 4107.
1369
Calculate the greatest common factor of 362140 and 1650596.
3812
Calculate the highest common factor of 374314 and 54994.
1774
Calculate the highest common factor of 31225005 and 23409.
2601
Calculate the greatest common divisor of 27133 and 4680127.
631
Calculate the highest common factor of 146541420 and 60.
60
What is the highest common divisor of 35646 and 408174?
78
What is the greatest common factor of 10434 and 37884867?
141
Calculate the greatest common divisor of 109786839 and 2241.
249
Calculate the highest common divisor of 232675 and 72293825.
5675
Ca